 of i?
1
Let c = 13 + -18. What is the tens digit of c/3*(8 - 17)?
1
Suppose 0 = 5*a - 27 - 43. What is the tens digit of a?
1
Let a(y) = -y**3 - 2*y**2 + 2*y - 1. Let x be a(-3). What is the units digit of -2 + (3 - -18) + x?
1
Suppose -11*r = -1400 - 393. What is the units digit of r?
3
Let q = 17 - 10. Suppose 5*x = 4*x - f - q, 4*x - 5*f + 19 = 0. Let g(r) = -r. What is the units digit of g(x)?
6
Suppose 39 - 14 = -5*c. Let k = 3 + c. What is the units digit of (-1 - -2)*k - -8?
6
Let i = -12 + 54. What is the tens digit of i?
4
Let w = -6 - -33. Suppose -b + w = 2*b. Let l = 3 + b. What is the units digit of l?
2
Suppose 3*j - j = -3*x + 20, -3*j + 5*x = 8. What is the units digit of j?
4
What is the units digit of ((-63)/(-6) + -1)/((-2)/(-16))?
6
Let g be ((-15)/6)/((-5)/10). Suppose -g*v + 56 = -3*v. What is the units digit of v?
8
Suppose -h + 3*d + 8 = 0, -2*h - 5*d = -3*d - 16. What is the units digit of h?
8
Suppose -11 = -2*a + h, 0*a - 4*h - 32 = -5*a. What is the units digit of a?
4
Let k = 12 + 15. What is the units digit of k?
7
Let g(f) = f**3 + 10*f**2 - 10*f + 14. What is the tens digit of g(-8)?
2
Let o = 27 + -44. Let v = -11 - o. What is the units digit of v?
6
Suppose 5*f - 15 = -2*c, -f - c - 12 = -5*f. Let b = f - 1. What is the units digit of b?
2
Let u(a) = -22*a + 1. Let h be u(1). Let p(x) = 11*x + 4. Let j be p(-3). Let l = h - j. What is the units digit of l?
8
Suppose 3 = -2*a - 3, 5*c = 2*a + 21. Suppose 5*z - 32 = c*z. What is the tens digit of z?
1
Suppose 0 = -f + 3*g + 1, -3*f + 3*g - g = 32. Let x = f - -25. What is the tens digit of x?
1
Suppose -7*m + 120 = -m. Let y = m + -15. What is the units digit of y?
5
Suppose -5*i + 102 - 467 = 0. Let t be i/(-4) + 5/(-20). Let v = -13 + t. What is the units digit of v?
5
Let g(s) = s**2 - 3*s + 33. What is the units digit of g(12)?
1
Let u be (-1)/(-3 + (-28)/(-10)). Suppose 4*t + 3*l = u, 3*t + l = -l + 5. What is the units digit of t?
5
Suppose 0 = -n + 2*j, 3*j + 4 - 48 = -4*n. What is the units digit of n?
8
Suppose -2*r - 62 = -4*r. What is the tens digit of r?
3
Let k(m) = -m - 4. Let o be k(-9). What is the units digit of (96/20 - -1)*o?
9
What is the hundreds digit of (-308)/(-6)*324/72?
2
Suppose 3*j + 5*x - 12 = 0, -2*j + 0*j + 4*x = 14. What is the units digit of 17 - 17 - 1/j?
1
Suppose -3*o + 30 = -3*j, 0 - 4 = 4*j. What is the units digit of o?
9
Let c be 2/(-9) + (-8)/(-36). Let w = c - -2. What is the units digit of ((w - 1) + -6)/(-1)?
5
Suppose -21*z + 942 = -15*z. What is the units digit of z?
7
Let n(j) = -j - 4. Let c be n(4). Let o = -3 - c. What is the units digit of o?
5
Let w(o) be the third derivative of 0*o + 1/24*o**4 + 0 + 2/3*o**3 - o**2. What is the tens digit of w(10)?
1
Let u = 5 + -8. What is the tens digit of (1*-2)/(u/30)?
2
Let z = 34 - -3. What is the units digit of z?
7
Let n(s) = -s**3 + 5*s**2 + 9*s - 4. What is the tens digit of n(6)?
1
Let n(x) = x**3 + 4*x**2 - 3*x - 4. Let d be n(-4). Suppose -16 = -4*l + d*l, 2*z = 4*l + 26. Let h = -3 + z. What is the units digit of h?
2
Let u be (-10)/(-55) - 180/22. Let o = 44 + u. What is the units digit of o?
6
Let m = -15 + 14. What is the units digit of (-188)/(-8) - m/(-2)?
3
Let q = 4 - 4. Suppose 5*c = 2*w + c - 20, q = -w + 3*c + 13. Suppose 58 = w*n - 5*h, -5*h - 5 = 5. What is the tens digit of n?
1
Let o be (2 + 2)/(2/6). Let h = o + -20. Let s = -6 - h. What is the units digit of s?
2
Let u(i) = 8*i - 5. Let b be 228/44 - (-4)/(-22). What is the tens digit of u(b)?
3
Let w(r) = 2*r**3 - r**2 - 3*r + 1. Let x be w(2). Suppose g = 4 + x. Let u(t) = -t + 13. What is the units digit of u(g)?
2
Let a be 0/(1*(2 + -1)). Suppose k = a, -14 = -c - c + 5*k. Let o = c + -6. What is the units digit of o?
1
Let p = -7 + 13. What is the units digit of -4*6/(-9)*p?
6
Suppose 4*f = 5*a - f, 4*a - 5*f = -4. Suppose a*b - 16 = 2*m, -3*m = -2*m - b + 3. Suppose -3 = r - m*r. What is the units digit of r?
3
Let b(k) = 2 - 6*k + 2*k**2 - 3*k**2 + 2 + k. What is the units digit of b(-4)?
8
Suppose -c - o + 3*o = 0, -2*c = 2*o - 18. Let z(b) = -9*b**2 + b - 7. Let w(y) = -4*y**2 + y - 3. Let s(h) = -7*w(h) + 3*z(h). What is the units digit of s(c)?
2
Suppose 2*o + 14 = 4*o. Suppose -2*x + x - 2*y + 3 = 0, -24 = -4*x + 4*y. Suppose x*h = -o + 47. What is the units digit of h?
8
Let h = 726 + -426. What is the tens digit of h?
0
Let f(b) = -3*b + 1. Suppose -5 = 2*s + 3*s. Let g be f(s). Let w = 5 - g. What is the units digit of w?
1
Let p be (-10 - (4 - 2))/(-1). Let a = p + -17. Let f(s) = -s - 2. What is the units digit of f(a)?
3
Suppose 3*f = 3*q - 3, 3*q - 18 = 5*f - 5. Let a = 13 + q. Let x = a + -5. What is the units digit of x?
4
Suppose 31 = 5*w + 4*o, -5*w + 7 = -0*w - 2*o. Let q be -2 + w + 1 + 0. Let h = q - -1. What is the units digit of h?
3
Let x(f) = -f - 6. Let h be x(-10). Suppose -h*v = v. Suppose v = 5*u - 36 + 1. What is the units digit of u?
7
Suppose 3*v - 5*g - 89 = -28, 3*g + 41 = 2*v. Suppose -2 = 2*z + o + 14, 0 = 4*z + 3*o + 28. Let q = v + z. What is the tens digit of q?
1
Suppose 0 = p - 0*p - 4. Suppose f = -3*v + 107, -3*v - p*f + 112 = -2*f. Suppose 0 = 3*q - h - v, 35 + 23 = 5*q - h. What is the tens digit of q?
1
Suppose -22*t = -26*t + 124. What is the tens digit of t?
3
What is the tens digit of (-3 - -33)*(-51)/(-6) - 0?
5
Suppose -3*y + 13*y = 870. What is the units digit of y?
7
Let k = 11 + -2. Suppose -5*t + 21 = -k. What is the units digit of t?
6
Suppose -z + 47 = v + 19, v + 56 = 2*z. What is the units digit of z?
8
Let t = 62 + -57. What is the units digit of t?
5
Suppose -n = 4*n - 20. Suppose 0*s + n*w = 3*s, -3*s - 3*w = -21. What is the units digit of (-5*(-2 + s))/(-2)?
5
Suppose -38 = a - 2*a. What is the tens digit of a?
3
Let s(v) = v + 1. Let n be s(0). Let y(j) = -3*j**2 + n - 5*j - j**2 + 3*j**2. What is the units digit of y(-5)?
1
Let w(c) = 10*c**3 + 21*c**2 + 16. Let f(h) = -2*h**3 - 4*h**2 - 3. Let q(g) = -11*f(g) - 2*w(g). Let u be q(2). Let x = u - 15. What is the tens digit of x?
1
Suppose s - n = 52 + 19, 0 = 4*s + 2*n - 260. Let h = -48 + s. What is the units digit of h/2*(7 + -5)?
9
Suppose 0 = -3*b + 2*l - 3*l + 34, -5*b = 2*l - 58. What is the units digit of b/(-2)*(2 + -3)?
5
Let i be ((-12)/9)/((-2)/9). Suppose 12 = 3*r - i*r. What is the units digit of (r/6)/((-3)/18)?
4
Let z(n) = n**3 - 17*n**2 - 20. Let h(a) = -3*a**3 + 50*a**2 + 59. Let c(l) = 4*h(l) + 11*z(l). What is the units digit of c(13)?
6
Suppose -1104 = -5*k - b, 0 = -2*k + 2*b + 11 + 433. What is the units digit of k?
1
What is the tens digit of (-1*4)/(435/(-215) + 2)?
7
Let t(a) = 4*a**3 - a**2 - a + 1. Let q be (6 - 5)/(2 - 1). What is the units digit of t(q)?
3
Suppose 0 = -g - 3, -5*c + 2 - 1 = 3*g. Suppose h + c*h + 18 = 0. What is the units digit of 3/h - 62/(-4)?
5
Let m be (-45)/6*2/(-3). What is the units digit of m + 3 + -1 + 0?
7
What is the units digit of 16*((-65)/(-4))/5?
2
Let s = 0 + 3. Suppose 0 = s*r - 3*v - 72, -6*r - 3*v + 136 = -r. Suppose -3*k + r = -k + 4*y, k = -4*y + 17. What is the units digit of k?
9
Let c(d) = 3*d - 2. Let t be (-1 + 21)*(-6)/(-15). Suppose -g + t = -i, 0*i - i + 17 = 4*g. What is the units digit of c(g)?
3
Suppose 4*n = 2*n - 4. What is the units digit of 1/n + 17/2?
8
Let m be 1*-8 - (-2 - -4). Let p be (-5)/m*(5 - 1). What is the units digit of p - 1*2*-3?
8
Let q be 4/((-1)/(-2) - 0). Let y = -6 + q. Let k = y + -1. What is the units digit of k?
1
Let b(s) = -1 - 1 + 0 - 10*s. Let i(l) = l**3 - 7*l**2 - 2*l + 12. Let g be i(7). What is the units digit of b(g)?
8
Let r(d) = -d**3 - 4*d**2 + 4*d + 2. What is the tens digit of r(-6)?
5
Let v = -112 + 184. What is the tens digit of 1/(v/(-76) + 1)?
1
Suppose 3 = -c + 2*c. Let f = 9 - c. What is the units digit of f?
6
What is the tens digit of 28*-1*(-13)/26?
1
Let l(x) = 4*x**2 + 6*x - 8. Let f(w) = -5*w**2 - 7*w + 9. Let t(u) = 3*f(u) + 4*l(u). What is the units digit of t(-7)?
3
Let n be (-84)/(-10) + 2/(-5). Let l = n + -4. Suppose -2*a - l = 2*g, -6*a + a + g + 20 = 0. What is the units digit of a?
3
Let n = 100 - 52. What is the tens digit of n?
4
Suppose a = 36 + 28. Suppose -2*o = -w + 20, 3*w + 0*o - a = 2*o. What is the units digit of w?
2
Let o(